s 140159 composite?
False
Is 56053 a composite number?
False
Is 92501 composite?
True
Is 20938367 composite?
False
Is 3907 a prime number?
True
Is 574907 a prime number?
True
Is 12247 a prime number?
False
Is 49339 a composite number?
False
Is 962977 a composite number?
True
Is 111317 a composite number?
False
Is 6881 prime?
False
Is 7463 a prime number?
False
Is 13154 prime?
False
Is 120349 prime?
True
Is 13343 a composite number?
True
Is 1201523 prime?
True
Is 88943 composite?
True
Is 72613 prime?
True
Is 1213 a composite number?
False
Is 221869 a composite number?
True
Is 1200509 composite?
False
Is 184031 a prime number?
True
Is 88547 composite?
False
Is 2609 composite?
False
Is 216833 a prime number?
False
Is 122201 a prime number?
True
Is 673393 a prime number?
False
Is 1663 composite?
False
Is 301841 composite?
False
Is 5414 prime?
False
Is 187441 a composite number?
False
Is 8923 composite?
False
Is 284063 prime?
False
Is 1145383 a prime number?
False
Is 76907 a composite number?
False
Is 342671 prime?
False
Is 10007 a prime number?
True
Is 7207 a composite number?
False
Is 884302 a prime number?
False
Is 11626 composite?
True
Is 35687 composite?
True
Is 136601 composite?
False
Is 3679 a prime number?
False
Is 157 a prime number?
True
Is 2039 a prime number?
True
Is 87767 composite?
False
Is 136871 a composite number?
True
Is 314299 a composite number?
False
Is 5437 a prime number?
True
Is 174841 composite?
True
Is 53479 composite?
False
Is 2196449 a composite number?
False
Is 14983 prime?
True
Is 2561 a prime number?
False
Is 11287 a prime number?
True
Is 18617 composite?
False
Is 1973 a composite number?
False
Is 18859 composite?
False
Is 25853 composite?
True
Is 60493 composite?
False
Is 20873 a composite number?
False
Is 2177 a prime number?
False
Is 325327 composite?
True
Is 152563 prime?
True
Is 156109 composite?
False
Is 6521 a composite number?
False
Is 11047 a composite number?
False
Is 5167 a prime number?
True
Is 136621 composite?
False
Is 12889 a prime number?
True
Is 21763 a prime number?
False
Is 248511 a prime number?
False
Is 133241 prime?
True
Is 21647 a prime number?
True
Is 72859 a composite number?
False
Is 4903 a composite number?
False
Is 6349 composite?
True
Is 41879 composite?
False
Is 903007 composite?
True
Is 997683 composite?
True
Is 6547 composite?
False
Is 8287 a prime number?
True
Is 21949 a prime number?
False
Is 802909 a prime number?
True
Is 20663 a composite number?
False
Is 15503 composite?
True
Is 899749 a prime number?
True
Is 63911 a composite number?
True
Is 7051 composite?
True
Is 1411 prime?
False
Is 48941 a composite number?
True
Is 2301685 a prime number?
False
Is 320377 prime?
True
Is 15623 composite?
True
Is 40094 prime?
False
Is 13141 prime?
False
Is 5623 composite?
False
Is 15709 prime?
False
Is 249013 a prime number?
False
Is 1397 prime?
False
Is 91513 prime?
True
Is 5314 composite?
True
Is 15659 a prime number?
False
Is 474457 a composite number?
True
Is 26813 composite?
False
Is 17707 composite?
False
Is 27043 a composite number?
False
Is 17833 prime?
False
Is 62621 composite?
True
Is 249311 a composite number?
False
Is 14131 a prime number?
False
Is 596803 a composite number?
False
Is 533629 a composite number?
True
Is 6547 a composite number?
False
Is 17647 composite?
True
Is 238891 a composite number?
True
Is 3418 composite?
True
Is 643183 prime?
True
Is 18353 a composite number?
False
Is 23603 prime?
True
Is 17129 a composite number?
True
Is 20365 composite?
True
Is 419 a composite number?
False
Is 78559 prime?
False
Is 83303 prime?
False
Is 3163 a prime number?
True
Is 106087 prime?
True
Is 10799 composite?
False
Is 64871 prime?
True
Is 54751 a composite number?
False
Is 1225617 a composite number?
True
Is 4373 prime?
True
Is 799 composite?
True
Is 47941 composite?
True
Is 64747 a composite number?
False
Is 565997 composite?
False
Is 1486 a composite number?
True
Is 70279 a prime number?
False
Is 112381 prime?
False
Is 323 composite?
True
Is 2099 a prime number?
True
Is 163517 a composite number?
False
Is 107003 prime?
False
Is 7131 prime?
False
Is 1252579 composite?
False
Is 396871 prime?
True
Is 7159 composite?
False
Is 3137 a composite number?
False
Is 90989 composite?
False
Is 2399483 a prime number?
False
Is 12889 composite?
False
Is 135479 prime?
True
Is 127801 a prime number?
False
Is 2609 a prime number?
True
Is 143219 a prime number?
False
Is 824555 composite?
True
Is 210421 prime?
True
Is 661907 prime?
False
Is 8981 composite?
True
Is 58831 prime?
True
Is 161717 composite?
False
Is 1562609 a composite number?
True
Is 5069 a composite number?
True
Is 91313 composite?
True
Is 190063 a prime number?
True
Is 3659 a composite number?
False
Is 42589 a prime number?
True
Is 19949 composite?
False
Is 64567 a composite number?
False
Is 101221 a composite number?
False
Is 759349 prime?
False
Is 29461 a prime number?
False
Is 56591 a composite number?
False
Is 45361 a prime number?
True
Is 214379 prime?
False
Is 45119 prime?
True
Is 4499 a composite number?
True
Is 849571 a composite number?
False
Is 383459 a composite number?
False
Is 384185 prime?
False
Is 205805 prime?
False
Is 134569 a prime number?
False
Is 65019 a composite number?
True
Is 17623 a prime number?
True
Is 8263 a composite number?
False
Is 9469 a composite number?
True
Is 680489 a prime number?
True
Is 463807 a composite number?
False
Is 2531 prime?
True
Is 44143 prime?
False
Is 47891 a prime number?
False
Is 145423 a prime number?
True
Is 664409 composite?
True
Is 7807 a composite number?
True
Is 116239 a prime number?
True
Is 11015 a composite number?
True
Is 125813 prime?
True
Is 12071 composite?
False
Is 27026 a prime number?
False
Is 2479735 composite?
True
Is 14038 a composite number?
True
Is 226847 prime?
False
Is 149613 a prime number?
False
Is 1143469 composite?
False
Is 18519 composite?
True
Is 1285 a composite number?
True
Is 17197 a prime number?
False
Is 2117 a prime number?
False
Is 618619 prime?
True
Is 30593 prime?
True
Is 3599 a prime number?
False
Is 85559 a composite number?
True
Is 4721 composite?
False
Is 21893 composite?
False
Is 330131 a prime number?
True
Is 3407 a prime number?
True
Is 1751 prime?
False
Is 19177 prime?
False
Is 2359 a composite number?
True
Is 19907 a prime number?
False
Is 134978 prime?
False
Is 118517 a prime number?
False
Is 812101 a prime number?
True
Is 108179 a composite number?
False
Is 761 composite?
False
Is 8501 composite?
False
Is 15551 a composite number?
False
Is 9793 prime?
False
Is 2640683 a prime number?
True
Is 1921 a composite number?
True
Is 19541 composite?
False
Is 4861 a prime number?
True
Is 102421 prime?
False
Is 1361 prime?
True
Is 379 a composite number?
False
Is 280659 a prime number?
False
Is 19769 prime?
False
Is 57179 prime?
True
Is 26747 a prime number?
False
Is 867145 a composite number?
True
Is 67055 a prime number?
False
Is 177621 a prime number?
False
Is 330329 a composite number?
False
Is 254209 prime?
True
Is 224401 composite?
False
Is 193535 a composite number?
True
Is 451601 prime?
True
Is 435343 prime?
True
Is 1833317 composite?
False
Is 2371 composite?
False
Is 493789 a prime number?
False
Is 3907 prime?
True
Is 12889 a composite number?
False
Is 3793 a composite number?
False
Is 17231 composite?
False
Is 9017 prime?
False
Is 9535 prime?
False
Is 307 composite?
False
Is 256673 a prime number?
False
Is 10883 a prime number?
True
Is 38351 a composite number?
False
Is 886623 a prime number?
False
Is 2657 composite?
False
Is 295989 a prime number?
False
Is 208417 prime?
False
Is 67687 composite?
True
Is 27143 composite?
False
Is 753341 composite?
False
Is 7451 a prime number?
True
Is 43933 prime?
True
Is 4663 prime?
True
Is 2699 prime?
True
Is 11273 composite?
False
Is 17657 a composite number?
False
Is 506731 prime?
True
Is 4843 a composite number?
True
Is 4861 prime?
True
Is 871139 composite?
True
Is 56319 a prime number?
False
Is 24223 a composite number?
False
Is 294431 prime?
True
Is 404671 a prime number?
True
Is 297581 a prime number?
True
Is 1656001 a prime number?
False
Is 200519 a composite number?
True
Is 1649 a composite number?
True
Is 3803 a composite number?
False
Is 10757 a prime number?
False
Is 4126 composite?
Tru